{"id":12731,"date":"2025-03-02T13:05:37","date_gmt":"2025-03-02T12:05:37","guid":{"rendered":"https:\/\/www.fimill.com\/?page_id=12731"},"modified":"2025-10-26T09:40:29","modified_gmt":"2025-10-26T08:40:29","slug":"technologie-2","status":"publish","type":"page","link":"https:\/\/www.fimill.com\/index.php\/technologie-2\/","title":{"rendered":"Technologie"},"content":{"rendered":"<div id=\"comp-leu231nf\" class=\"KQmfd2\">\n<div id=\"text-content-comp-leu231nf\" class=\"KcpHeO tz5f0K comp-leu231nf wixui-text\" data-testid=\"richTextElement\">\n<h1 style=\"text-align: center;\" data-start=\"160\" data-end=\"179\">TECHNOLOGIE | Tryskov\u00e9 mlet\u00ed, t\u0159\u00edd\u011bn\u00ed a drcen\u00ed | FIMILL<\/h1>\n<p data-start=\"181\" data-end=\"435\">Materi\u00e1ly zpracov\u00e1v\u00e1me pomoc\u00ed \u0161pi\u010dkov\u00fdch technologi\u00ed, kter\u00e9 umo\u017e\u0148uj\u00ed dos\u00e1hnout po\u017eadovan\u00e9 velikosti \u010d\u00e1stic, homogenity i kvality v\u00fdsledn\u00e9ho produktu. Ka\u017edou technologii lze pou\u017e\u00edt samostatn\u011b nebo v kombinaci s ostatn\u00edmi v r\u00e1mci jednoho v\u00fdrobn\u00edho procesu.<\/p>\n<h2 data-start=\"442\" data-end=\"460\">Tryskov\u00e9 mlet\u00ed<\/h2>\n<p data-start=\"462\" data-end=\"754\"><a href=\"https:\/\/www.fimill.com\/index.php\/z-historie-tryskoveho-mleti\/\">Tryskov\u00e9 mlet\u00ed<\/a> p\u0159edstavuje pokro\u010dilou mikroniza\u010dn\u00ed techniku umo\u017e\u0148uj\u00edc\u00ed precizn\u00ed mlet\u00ed drobiv\u00fdch nebo krystalick\u00fdch materi\u00e1l\u016f na pr\u016fm\u011brnou velikost \u010d\u00e1stic men\u0161\u00ed ne\u017e 10 \u00b5m. Proces v\u00fdznamn\u011b zvy\u0161uje specifick\u00fd povrch materi\u00e1lu, \u010d\u00edm\u017e zlep\u0161uje jeho fyzik\u00e1ln\u00ed vlastnosti a n\u00e1slednou zpracovatelnost.<\/p>\n<p data-start=\"756\" data-end=\"1109\">V mlec\u00ed komo\u0159e jsou \u010d\u00e1stice urychlov\u00e1ny proudem stla\u010den\u00e9ho vzduchu, p\u00e1ry nebo jin\u00e9ho m\u00e9dia vh\u00e1n\u011bn\u00e9ho nadzvukovou rychlost\u00ed soustavou konvergentn\u00edch \u010di konvergentn\u011b-divergentn\u00edch trysek. Mikronizace prob\u00edh\u00e1 opakovan\u00fdmi n\u00e1razy \u010d\u00e1stic mezi sebou i interakc\u00ed se st\u011bnami komory. V\u00fdsledn\u00fd mikronizovan\u00fd materi\u00e1l je n\u00e1sledn\u011b transportov\u00e1n k dal\u0161\u00edmu zpracov\u00e1n\u00ed.<\/p>\n<p data-start=\"1111\" data-end=\"1176\">Konstrukce tryskov\u00e9ho ml\u00fdna p\u0159in\u00e1\u0161\u00ed n\u011bkolik z\u00e1sadn\u00edch v\u00fdhod:<\/p>\n<ul data-start=\"1177\" data-end=\"1485\">\n<li data-start=\"1177\" data-end=\"1248\">\n<p data-start=\"1179\" data-end=\"1248\"><strong data-start=\"1179\" data-end=\"1204\">Bez pohybliv\u00fdch \u010d\u00e1st\u00ed<\/strong> \u2013 minimalizace opot\u0159eben\u00ed a tvorby tepla.<\/p>\n<\/li>\n<li data-start=\"1249\" data-end=\"1333\">\n<p data-start=\"1251\" data-end=\"1333\"><strong data-start=\"1251\" data-end=\"1263\">Bez s\u00edta<\/strong> \u2013 eliminace rizika ucp\u00e1n\u00ed \u010di po\u0161kozen\u00ed, zaji\u0161\u0165uj\u00edc\u00ed plynul\u00fd provoz.<\/p>\n<\/li>\n<li data-start=\"1334\" data-end=\"1418\">\n<p data-start=\"1336\" data-end=\"1418\"><strong data-start=\"1336\" data-end=\"1383\">Mo\u017enost zpracov\u00e1n\u00ed termolabiln\u00edch materi\u00e1l\u016f<\/strong> d\u00edky chladic\u00edmu \u00fa\u010dinku trysk\u00e1n\u00ed.<\/p>\n<\/li>\n<li data-start=\"1419\" data-end=\"1485\">\n<p data-start=\"1421\" data-end=\"1485\"><strong data-start=\"1421\" data-end=\"1462\">Vysok\u00e1 \u00fa\u010dinnost, \u010distota a homogenita<\/strong> v\u00fdsledn\u00e9ho produktu.<\/p>\n<\/li>\n<\/ul>\n<h1 style=\"text-align: center;\"><strong style=\"font-size: 16px;\"><a href=\"https:\/\/www.fimill.com\/wp-content\/uploads\/2024\/03\/Mlyn-2024-rastr-kopie-2-1.jpg\" rel=\"noopener\"><img loading=\"lazy\" decoding=\"async\" class=\"alignnone wp-image-10635 size-full\" src=\"https:\/\/www.fimill.com\/wp-content\/uploads\/2024\/03\/Mlyn-2024-rastr-kopie-2-1.jpg\" alt=\"\" width=\"1793\" height=\"804\" srcset=\"https:\/\/www.fimill.com\/wp-content\/uploads\/2024\/03\/Mlyn-2024-rastr-kopie-2-1.jpg 1793w, https:\/\/www.fimill.com\/wp-content\/uploads\/2024\/03\/Mlyn-2024-rastr-kopie-2-1-300x135.jpg 300w, https:\/\/www.fimill.com\/wp-content\/uploads\/2024\/03\/Mlyn-2024-rastr-kopie-2-1-1024x459.jpg 1024w, https:\/\/www.fimill.com\/wp-content\/uploads\/2024\/03\/Mlyn-2024-rastr-kopie-2-1-768x344.jpg 768w, https:\/\/www.fimill.com\/wp-content\/uploads\/2024\/03\/Mlyn-2024-rastr-kopie-2-1-1536x689.jpg 1536w\" sizes=\"auto, (max-width: 1793px) 100vw, 1793px\" \/><\/a><\/strong><\/h1>\n<p>Pou\u017e\u00edv\u00e1me <strong data-start=\"1497\" data-end=\"1536\">vlastn\u00ed konstrukci tryskov\u00e9ho ml\u00fdna<\/strong>, kde jsou trysky uspo\u0159\u00e1d\u00e1ny po obvodu mlec\u00ed komory ve dvou soused\u00edc\u00edch \u0159ad\u00e1ch s opa\u010dn\u00fdm sklonem. Materi\u00e1l je mikronizov\u00e1n \u010deln\u00edmi n\u00e1razy \u010d\u00e1stic a automaticky un\u00e1\u0161en proudem m\u00e9dia k v\u00fdstupu. Ml\u00fdn je samopod\u00e1vac\u00ed a vhodn\u00fd pro mikronizaci materi\u00e1l\u016f v\u0161ech stup\u0148\u016f tvrdosti.<\/p>\n<h2 data-start=\"1812\" data-end=\"1844\">T\u0159\u00edd\u011bn\u00ed velmi jemn\u00fdch frakc\u00ed<\/h2>\n<p data-start=\"1846\" data-end=\"2069\">Pro frakce men\u0161\u00ed ne\u017e jednotky milimetr\u016f vyu\u017e\u00edv\u00e1me <strong data-start=\"1896\" data-end=\"1926\">vlastn\u00ed konstrukci t\u0159\u00eddi\u010de<\/strong> pracuj\u00edc\u00edho v prost\u0159ed\u00ed stla\u010den\u00e9ho vzduchu. Nastaven\u00edm parametr\u016f lze p\u0159esn\u011b definovat po\u017eadovanou v\u00fdstupn\u00ed frakci podle specifikace z\u00e1kazn\u00edka.<\/p>\n<\/div>\n<\/div>\n<p><a href=\"https:\/\/www.fimill.com\/wp-content\/uploads\/2024\/02\/IMG_0149photo-scaled-e1707251611744.jpg\" rel=\"noopener\"><img loading=\"lazy\" decoding=\"async\" class=\"alignnone wp-image-9844 size-full\" src=\"https:\/\/www.fimill.com\/wp-content\/uploads\/2024\/02\/IMG_0149photo-scaled-e1707251611744.jpg\" alt=\"\" width=\"2209\" height=\"1244\" srcset=\"https:\/\/www.fimill.com\/wp-content\/uploads\/2024\/02\/IMG_0149photo-scaled-e1707251611744.jpg 2209w, https:\/\/www.fimill.com\/wp-content\/uploads\/2024\/02\/IMG_0149photo-scaled-e1707251611744-300x169.jpg 300w, https:\/\/www.fimill.com\/wp-content\/uploads\/2024\/02\/IMG_0149photo-scaled-e1707251611744-1024x577.jpg 1024w, https:\/\/www.fimill.com\/wp-content\/uploads\/2024\/02\/IMG_0149photo-scaled-e1707251611744-768x432.jpg 768w, https:\/\/www.fimill.com\/wp-content\/uploads\/2024\/02\/IMG_0149photo-scaled-e1707251611744-1536x865.jpg 1536w, https:\/\/www.fimill.com\/wp-content\/uploads\/2024\/02\/IMG_0149photo-scaled-e1707251611744-2048x1153.jpg 2048w\" sizes=\"auto, (max-width: 2209px) 100vw, 2209px\" \/><\/a><\/p>\n<div id=\"comp-leu231nf\" class=\"KQmfd2\">\n<h2 data-start=\"2076\" data-end=\"2097\">Homogenn\u00ed m\u00edch\u00e1n\u00ed<\/h2>\n<p data-start=\"2099\" data-end=\"2317\">T\u0159\u00eddi\u010d z\u00e1rove\u0148 slou\u017e\u00ed jako <strong data-start=\"2126\" data-end=\"2156\">efektivn\u00ed m\u00edchac\u00ed jednotka<\/strong> pro plynul\u00e9 a homogenn\u00ed prom\u00edch\u00e1n\u00ed frakc\u00ed stejn\u00e9ho \u010di r\u016fzn\u00fdch materi\u00e1l\u016f. Proces \u0159\u00edzen\u00fd proudem stla\u010den\u00e9ho vzduchu zaji\u0161\u0165uje dokonalou homogenitu v\u00fdsledn\u00e9 sm\u011bsi.<\/p>\n<h2 data-start=\"2324\" data-end=\"2334\">Drcen\u00ed<\/h2>\n<p data-start=\"2336\" data-end=\"2681\">V p\u0159\u00edpadech, kdy nen\u00ed po\u017eadov\u00e1na mikronizace nebo je nutn\u00e9 materi\u00e1l p\u0159edem zmen\u0161it na \u010d\u00e1stice do 10 mm, vyu\u017e\u00edv\u00e1me <strong data-start=\"2450\" data-end=\"2480\">vlastn\u00ed technologii drcen\u00ed<\/strong>.<br data-start=\"2481\" data-end=\"2484\" \/>Na\u0161e za\u0159\u00edzen\u00ed zvl\u00e1dne zpracovat i rozm\u011brn\u00e9 vstupn\u00ed kusy (nap\u0159. 400 \u00d7 400 \u00d7 40 mm) v\u010detn\u011b tvrd\u00fdch a abrazivn\u00edch materi\u00e1l\u016f. V\u00fdstupn\u00ed velikost \u010d\u00e1stic p\u0159izp\u016fsobujeme individu\u00e1ln\u00edm po\u017eadavk\u016fm z\u00e1kazn\u00edka.<\/p>\n<h2><a style=\"font-size: 16px;\" href=\"https:\/\/www.fimill.com\/wp-content\/uploads\/2025\/03\/Sklo-barevne-Ruckl-2-scaled.jpeg\"><img loading=\"lazy\" decoding=\"async\" class=\"alignnone size-full wp-image-12937\" src=\"https:\/\/www.fimill.com\/wp-content\/uploads\/2025\/03\/Sklo-barevne-Ruckl-2-scaled.jpeg\" alt=\"\" width=\"2560\" height=\"1966\" srcset=\"https:\/\/www.fimill.com\/wp-content\/uploads\/2025\/03\/Sklo-barevne-Ruckl-2-scaled.jpeg 2560w, https:\/\/www.fimill.com\/wp-content\/uploads\/2025\/03\/Sklo-barevne-Ruckl-2-300x230.jpeg 300w, https:\/\/www.fimill.com\/wp-content\/uploads\/2025\/03\/Sklo-barevne-Ruckl-2-1024x786.jpeg 1024w, https:\/\/www.fimill.com\/wp-content\/uploads\/2025\/03\/Sklo-barevne-Ruckl-2-768x590.jpeg 768w, https:\/\/www.fimill.com\/wp-content\/uploads\/2025\/03\/Sklo-barevne-Ruckl-2-1536x1179.jpeg 1536w, https:\/\/www.fimill.com\/wp-content\/uploads\/2025\/03\/Sklo-barevne-Ruckl-2-2048x1573.jpeg 2048w\" sizes=\"auto, (max-width: 2560px) 100vw, 2560px\" \/><\/a><\/h2>\n<\/div>\n","protected":false},"excerpt":{"rendered":"<p>TECHNOLOGIE | Tryskov\u00e9 mlet\u00ed, t\u0159\u00edd\u011bn\u00ed a drcen\u00ed | FIMILL Materi\u00e1ly zpracov\u00e1v\u00e1me pomoc\u00ed \u0161pi\u010dkov\u00fdch technologi\u00ed, kter\u00e9 umo\u017e\u0148uj\u00ed dos\u00e1hnout po\u017eadovan\u00e9 velikosti \u010d\u00e1stic, homogenity i kvality v\u00fdsledn\u00e9ho produktu. Ka\u017edou technologii lze pou\u017e\u00edt samostatn\u011b nebo v kombinaci s ostatn\u00edmi<\/p>\n<p class=\"link-more\"><a class=\"myButt\" href=\"https:\/\/www.fimill.com\/index.php\/technologie-2\/\">Read More<\/a><\/p>\n","protected":false},"author":1,"featured_media":0,"parent":0,"menu_order":0,"comment_status":"closed","ping_status":"closed","template":"","meta":{"_monsterinsights_skip_tracking":false,"_monsterinsights_sitenote_active":false,"_monsterinsights_sitenote_note":"","_monsterinsights_sitenote_category":0,"_uf_show_specific_survey":0,"_uf_disable_surveys":false,"_kadence_starter_templates_imported_post":false,"footnotes":""},"class_list":["post-12731","page","type-page","status-publish","hentry"],"_links":{"self":[{"href":"https:\/\/www.fimill.com\/index.php\/wp-json\/wp\/v2\/pages\/12731","targetHints":{"allow":["GET"]}}],"collection":[{"href":"https:\/\/www.fimill.com\/index.php\/wp-json\/wp\/v2\/pages"}],"about":[{"href":"https:\/\/www.fimill.com\/index.php\/wp-json\/wp\/v2\/types\/page"}],"author":[{"embeddable":true,"href":"https:\/\/www.fimill.com\/index.php\/wp-json\/wp\/v2\/users\/1"}],"replies":[{"embeddable":true,"href":"https:\/\/www.fimill.com\/index.php\/wp-json\/wp\/v2\/comments?post=12731"}],"version-history":[{"count":14,"href":"https:\/\/www.fimill.com\/index.php\/wp-json\/wp\/v2\/pages\/12731\/revisions"}],"predecessor-version":[{"id":13010,"href":"https:\/\/www.fimill.com\/index.php\/wp-json\/wp\/v2\/pages\/12731\/revisions\/13010"}],"wp:attachment":[{"href":"https:\/\/www.fimill.com\/index.php\/wp-json\/wp\/v2\/media?parent=12731"}],"curies":[{"name":"wp","href":"https:\/\/api.w.org\/{rel}","templated":true}]}}