{"id":12311,"date":"2024-10-22T21:27:05","date_gmt":"2024-10-22T20:27:05","guid":{"rendered":"https:\/\/www.fimill.com\/?page_id=12311"},"modified":"2024-11-19T20:28:49","modified_gmt":"2024-11-19T19:28:49","slug":"drceni-polyesteroveho-kompozitu","status":"publish","type":"page","link":"https:\/\/www.fimill.com\/index.php\/drceni-polyesteroveho-kompozitu\/","title":{"rendered":"Drcen\u00ed polyesterov\u00e9ho kompozitu"},"content":{"rendered":"<p><strong>Zad\u00e1n\u00ed<\/strong><\/p>\n<p>Zpracovat vzorky polyesterov\u00e9ho kompozitu vyztu\u017een\u00e9ho skeln\u00fdmi vl\u00e1kny na frakci 15-50 milimetr\u016f pro nalezen\u00ed vhodn\u00e9 technologie jeho recyklace.<\/p>\n<p><strong>Pr\u016fb\u011bh a v\u00fdsledek<\/strong><\/p>\n<p>Zvolili jsme technologii drcen\u00ed, i kdy\u017e n\u00e1\u0161 drti\u010d nen\u00ed prim\u00e1rn\u011b ur\u010den pro drcen\u00ed materi\u00e1l\u016f s vl\u00e1kennou matric\u00ed.<\/p>\n<p>Drcen\u00ed se n\u00e1m zpo\u010d\u00e1tku v\u016fbec neda\u0159ilo &#8211; chom\u00e1\u010de drcen\u00edm vznikaj\u00edc\u00ed skeln\u00e9 vaty zp\u016fsobovaly rychl\u00e9 ucp\u00e1n\u00ed v\u00fdstupn\u00edho s\u00edta a nefungovala ani regulace v\u00fdstupn\u00ed velikosti \u010d\u00e1stic. Z\u00edskan\u00e1 frakce byla bu\u010f moc mal\u00e1 nebo naopak moc velk\u00e1, drti\u010d se zahlcoval a p\u0159est\u00e1val pracovat.<\/p>\n<p>Po d\u016fkladn\u00e9 anal\u00fdze prvotn\u00edch v\u00fdsledk\u016f drcen\u00ed a pochopen\u00ed jednotliv\u00fdch f\u00e1z\u00ed destrukce zpracov\u00e1van\u00e9ho materi\u00e1lu se n\u00e1m nakonec poda\u0159ilo nastavit parametry drcen\u00ed tak, \u017ee jsme byli schopni nadrtit materi\u00e1l na po\u017eadovanou frakci.<\/p>\n<p>&nbsp;<\/p>\n<p style=\"text-align: center;\">Vstupn\u00ed materi\u00e1l (vlevo) a fin\u00e1ln\u00ed produkt (vpravo)<\/p>\n<p>&nbsp;<\/p>\n<p><a href=\"https:\/\/www.fimill.com\/wp-content\/uploads\/2024\/10\/IMG_6695-scaled.jpeg\" rel=\"noopener\"><img loading=\"lazy\" decoding=\"async\" class=\"alignright wp-image-12300\" src=\"https:\/\/www.fimill.com\/wp-content\/uploads\/2024\/10\/IMG_6695-scaled.jpeg\" alt=\"\" width=\"475\" height=\"356\" srcset=\"https:\/\/www.fimill.com\/wp-content\/uploads\/2024\/10\/IMG_6695-scaled.jpeg 2560w, https:\/\/www.fimill.com\/wp-content\/uploads\/2024\/10\/IMG_6695-300x225.jpeg 300w, https:\/\/www.fimill.com\/wp-content\/uploads\/2024\/10\/IMG_6695-1024x768.jpeg 1024w, https:\/\/www.fimill.com\/wp-content\/uploads\/2024\/10\/IMG_6695-768x576.jpeg 768w, https:\/\/www.fimill.com\/wp-content\/uploads\/2024\/10\/IMG_6695-1536x1152.jpeg 1536w, https:\/\/www.fimill.com\/wp-content\/uploads\/2024\/10\/IMG_6695-2048x1536.jpeg 2048w\" sizes=\"auto, (max-width: 475px) 100vw, 475px\" \/><\/a><a href=\"https:\/\/www.fimill.com\/wp-content\/uploads\/2024\/10\/IMG_6625-scaled.jpg\" rel=\"noopener\"><img loading=\"lazy\" decoding=\"async\" class=\"alignleft wp-image-12303\" src=\"https:\/\/www.fimill.com\/wp-content\/uploads\/2024\/10\/IMG_6625-scaled.jpg\" alt=\"\" width=\"477\" height=\"358\" srcset=\"https:\/\/www.fimill.com\/wp-content\/uploads\/2024\/10\/IMG_6625-scaled.jpg 2560w, https:\/\/www.fimill.com\/wp-content\/uploads\/2024\/10\/IMG_6625-300x225.jpg 300w, https:\/\/www.fimill.com\/wp-content\/uploads\/2024\/10\/IMG_6625-1024x768.jpg 1024w, https:\/\/www.fimill.com\/wp-content\/uploads\/2024\/10\/IMG_6625-768x576.jpg 768w, https:\/\/www.fimill.com\/wp-content\/uploads\/2024\/10\/IMG_6625-1536x1152.jpg 1536w, https:\/\/www.fimill.com\/wp-content\/uploads\/2024\/10\/IMG_6625-2048x1536.jpg 2048w\" sizes=\"auto, (max-width: 477px) 100vw, 477px\" \/><\/a><\/p>\n","protected":false},"excerpt":{"rendered":"<p>Zad\u00e1n\u00ed Zpracovat vzorky polyesterov\u00e9ho kompozitu vyztu\u017een\u00e9ho skeln\u00fdmi vl\u00e1kny na frakci 15-50 milimetr\u016f pro nalezen\u00ed vhodn\u00e9 technologie jeho recyklace. Pr\u016fb\u011bh a v\u00fdsledek Zvolili jsme technologii drcen\u00ed, i kdy\u017e n\u00e1\u0161 drti\u010d nen\u00ed prim\u00e1rn\u011b ur\u010den pro drcen\u00ed materi\u00e1l\u016f<\/p>\n<p class=\"link-more\"><a class=\"myButt\" href=\"https:\/\/www.fimill.com\/index.php\/drceni-polyesteroveho-kompozitu\/\">Read More<\/a><\/p>\n","protected":false},"author":1,"featured_media":0,"parent":0,"menu_order":0,"comment_status":"closed","ping_status":"closed","template":"","meta":{"_monsterinsights_skip_tracking":false,"_monsterinsights_sitenote_active":false,"_monsterinsights_sitenote_note":"","_monsterinsights_sitenote_category":0,"_uf_show_specific_survey":0,"_uf_disable_surveys":false,"_kadence_starter_templates_imported_post":false,"footnotes":""},"class_list":["post-12311","page","type-page","status-publish","hentry"],"_links":{"self":[{"href":"https:\/\/www.fimill.com\/index.php\/wp-json\/wp\/v2\/pages\/12311","targetHints":{"allow":["GET"]}}],"collection":[{"href":"https:\/\/www.fimill.com\/index.php\/wp-json\/wp\/v2\/pages"}],"about":[{"href":"https:\/\/www.fimill.com\/index.php\/wp-json\/wp\/v2\/types\/page"}],"author":[{"embeddable":true,"href":"https:\/\/www.fimill.com\/index.php\/wp-json\/wp\/v2\/users\/1"}],"replies":[{"embeddable":true,"href":"https:\/\/www.fimill.com\/index.php\/wp-json\/wp\/v2\/comments?post=12311"}],"version-history":[{"count":17,"href":"https:\/\/www.fimill.com\/index.php\/wp-json\/wp\/v2\/pages\/12311\/revisions"}],"predecessor-version":[{"id":12399,"href":"https:\/\/www.fimill.com\/index.php\/wp-json\/wp\/v2\/pages\/12311\/revisions\/12399"}],"wp:attachment":[{"href":"https:\/\/www.fimill.com\/index.php\/wp-json\/wp\/v2\/media?parent=12311"}],"curies":[{"name":"wp","href":"https:\/\/api.w.org\/{rel}","templated":true}]}}